3. Let a be d(z). Calculate x(a).
-6
Let d(f) = -21 + 21 + 6*f**2 - f**3 - 3*f. Suppose 2*c + 3*y - 20 = -y, 2*y + 20 = 4*c. Determine d(c).
-18
Let h(y) = -y**3 + 2*y - 2. Let z(g) = -g**3 + g**2 + g - 2. Suppose -7*b + 3*b + 56 = 0. Let l = 16 - b. Let a(n) = l*h(n) - 3*z(n). Determine a(3).
5
Let h(j) = 6*j**3 - 2*j + 1. Suppose -34 + 9 = 5*t. Let v(m) = -m**2 - 6*m. Let p be v(t). Let r be p/(-20) + 5/4. What is h(r)?
5
Let o(m) = -m**2 + 5*m + 5. Let f(p) = -2*p + 11. Let u be f(6). Let w(i) = -8*i**3 - 2*i**2 + 1. Let v be w(u). What is o(v)?
-9
Let f(d) = 3*d**2 - d**2 - 4*d**2 + 2 - 18 + 99*d - 77*d. Calculate f(10).
4
Let o be (7 - 1)*(-128)/96. Let a(c) = -5*c + 10. Give a(o).
50
Let a(k) = k**2 + 2*k - 2*k**2 + k**3 + k**3. Let c be (-2 + 5)/(-3) - (-6 + 3). Give a(c).
16
Let h(w) = 3*w - 6. Let d be (-2 - 2)*(-25)/20. Suppose -x - 5*p + 10 = x, d*x - 5*p = -45. Let b = 9 + x. Give h(b).
6
Let i(l) = -l - 3. Let w be (3 + -24)*(2/(-6))/(-1). Give i(w).
4
Let x(n) = -n**3 + n**2. Let i be (-60)/540 + (-26)/9 + 1. Give x(i).
12
Let y(r) = r**2 + 15*r + 20. Suppose 0 = 9*v - 7*v - 2*d + 12, v + 4*d + 21 = 0. Give y(v).
-34
Let v(z) = -3 - 5*z + 262*z**2 - 134*z**2 - 127*z**2. Let u(k) = k + 2. Let n(i) = -2*u(i) - v(i). Suppose 0*c = 5*c - 20. Determine n(c).
-5
Let d = 291 + -289. Let a(j) be the second derivative of -1/2*j**2 - 1/12*j**4 + d*j + 0 + 2/3*j**3. Determine a(4).
-1
Let o(s) = 2*s**2 + 2*s + 4. Let d be o(-2). Suppose 3*f + 15 = d*f. Suppose -4*c + 4*k = -4, -f*k + 3 = -2*c + 1. Let m(x) = x + 2. What is m(c)?
7
Let w(c) = 2*c**2 - 16*c - 36. Let z be w(10). Let k(q) be the second derivative of q**3/6 - 2*q. Determine k(z).
4
Let j(o) be the first derivative of -o**2/2 + 3*o + 188. Give j(-2).
5
Let h(o) be the third derivative of -o**5/60 - 7*o**4/24 - 5*o**3/6 + o**2. Let v be ((-28)/12)/((-8)/216*-9). Calculate h(v).
-5
Let q(a) = a**3 + a**2 - 2*a + 1. Suppose 12*s - 108 = -0*s. Suppose 14 = 4*c + 2. Suppose c*d = -0 - s. What is q(d)?
-11
Suppose 0 = -3*r + r + 6. Let i(f) = 5*f - 5*f**2 + 0*f**3 + 2*f**3 - f**r. Let m be 34/8 + (-2 - 14/(-8)). Give i(m).
4
Let u(r) = 3*r**2 - 2*r - 2. Let l(c) = -2*c. Let x be l(0). Suppose 7*s - s - 12 = x. Give u(s).
6
Suppose -2*y + 5*z - 6 = -0, 0 = -y + z. Let q(j) = 4*j - 5 + 2 - 5*j**2 + 4*j**y. Let n be ((-4)/(-2))/(10/25). What is q(n)?
-8
Suppose 2*x - 4 = 0, -x - 2 = 4*d - 2*x. Let f(k) be the third derivative of 5*k**2 + 0*k + d - 1/6*k**4 + 1/6*k**3. Calculate f(3).
-11
Let n(f) = -f**3 - 12*f**2 + 13*f - 2. Suppose -4*d - 5*c - 62 = 0, 4*d - 5*c = -9*c - 60. Give n(d).
-2
Let o(k) = -154*k + 79*k + 74*k + 2. Give o(7).
-5
Suppose 0 = 4*o - 2*y, -2*o - 4*y + 11 + 9 = 0. Let m(j) = -o + 6 - 5 + 5*j. Determine m(-2).
-11
Let d(p) = -p - 5. Suppose 4*h - 75 = -11*h. Determine d(h).
-10
Suppose -2*w - y - 6 = -1, -8 = 4*w + 4*y. Suppose 15*p = 16*p. Let z(d) = 7 + p - 4 + 4*d. Calculate z(w).
-9
Let a(m) = -m**2 - 16 + 3*m + 16. Let z(s) = s**3 + 7*s**2 - s - 3. Let y be z(-7). Suppose -2*c = -4 - y. Determine a(c).
-4
Let n be ((-6)/9 - -1) + (-11)/33. Let y(g) = g**3 - g**2 + 10. Give y(n).
10
Let i be (-3)/(532/106 + -5). Let l = i + 161. Let v(h) = 2*h**3 - 4*h**2 + 2*h + 1. What is v(l)?
5
Suppose b + 5*f - 21 = 5*b, b = 3*f - 7. Let k(q) = -q**2 - q + 5. Give k(b).
-7
Suppose -4*v + v = 12. Let t(i) = i**2 - 3*i - 47*i + 54*i. What is t(v)?
0
Let v(k) = 4*k**2 + 3*k. Let g(r) = 7*r**2 + 8*r + 9. Let w(x) = g(x) - v(x). Calculate w(-2).
11
Let m(v) = -v**3 - 2*v**2 + 53 - 23 - 32 - 2*v. Give m(-1).
-1
Let t(g) be the second derivative of g**6/120 - g**5/12 + g**4/8 + g**3/6 + 5*g**2/2 + g. Let x(u) be the first derivative of t(u). What is x(3)?
-8
Let u be (-10)/55 - 870/(-66). Let s(t) = -t**2 + 15*t - 19. What is s(u)?
7
Let t(z) be the second derivative of -1/15*z**5 + 1/12*z**4 + 0 + 1/120*z**6 - 2*z**2 - z - 1/3*z**3. Let m(h) be the first derivative of t(h). Determine m(4).
6
Let p(l) = -10*l - 1. Let j(y) = 2*y. Let k(g) = 11*j(g) + 2*p(g). What is k(-2)?
-6
Let t(c) = -4 + 2 + 1 - 7 + 5 + c. What is t(12)?
9
Let n(g) = -g + 11. Let x(y) = y - 12. Let u(p) = 3*n(p) + 2*x(p). Suppose 0 = -8*l + 6*l. Suppose l = -4*z + h - 1 + 3, -2*z - 3*h - 6 = 0. Give u(z).
9
Let i(a) be the third derivative of -1/20*a**5 - 16*a**2 + 0*a + 0 + 1/24*a**4 - 1/3*a**3 + 1/60*a**6. Determine i(2).
4
Let u(f) = 7*f**2 + 5*f + 1. Let j(o) = o**2 - 1. Let k(s) = -6*j(s) + u(s). Let z = -10 - -5. Calculate k(z).
7
Let i(s) be the third derivative of -1/6*s**4 + 0 - 5/6*s**3 + 0*s + 27*s**2. What is i(-6)?
19
Let w(b) = -b + 7. Suppose 0*u = 7*u - 56. Suppose 30 = -3*z + u*z. Give w(z).
1
Let b be 28/70*20/(-8). Let j(i) = -8*i**2 + 2. Calculate j(b).
-6
Let x(t) = -18*t + 67*t - 24*t - 17*t + 5 - 12*t. Calculate x(-6).
29
Let a(n) = 5*n - 16. Let m(u) = 14*u - 48. Let q(b) = -11*a(b) + 4*m(b). Suppose 5*s + 6*g - 32 = 4*g, 5*s = 4*g + 56. Calculate q(s).
-8
Let u(l) be the first derivative of l**4/4 - 5*l**3/3 + 3*l**2/2 + 3*l + 209. Give u(4).
-1
Let l(a) = a**2 - 2*a + 3. Suppose 0 = -9*s + 7*s + 16. Let h be (s/(-36))/(2/(-18)). Give l(h).
3
Let c(v) = v**2 + 6*v + 1. Let j be -3 - -1 - (-2)/((-8)/(-108)). Let s = 20 - j. Give c(s).
-4
Let k(w) = w**3 - w - 6 - 7*w + 2*w - 1 + 4*w**2. Let h(b) = 2*b**2 - 2*b - 45. Let r be h(-4). What is k(r)?
-2
Let i(s) be the third derivative of -1/60*s**5 + 1/3*s**4 + 0*s**3 + 0 - 7*s**2 + 0*s. What is i(9)?
-9
Let x(o) be the first derivative of -o**3/3 + o**2/2 + 23. Determine x(-3).
-12
Let n(l) = -5*l**3 + l**2 + 2*l + 1. Let p be n(-1). Suppose -p*a + 3 = -5*q + 8, -q - a + 7 = 0. Let o(c) = q + 2*c**2 - 2 + 0 - 4*c + 2*c**2. What is o(2)?
10
Let j(y) = -2*y**3 + 2*y + 1. Let m be -2*5*(-8)/40. Calculate j(m).
-11
Let k(g) = -g**2 + 7*g - 15. Suppose 7*o - 2 = -2*v + 11*o, 5*o = -v + 15. Calculate k(v).
-5
Let y = 14 - 10. Let z(v) = -11 + 5*v - 7 - y*v. Determine z(0).
-18
Suppose -j = 5*c + 16, -45*j - 4*c + 16 = -49*j. Let l(x) = -3*x + 18. Calculate l(j).
36
Let a(h) = 5 - 13*h - 17*h**2 - 6 + 13*h. Calculate a(1).
-18
Let x(r) = r**2 + 15*r - 1. Let s(m) = 2*m**2 + 29*m - 3. Let w(b) = -4*s(b) + 7*x(b). What is w(-9)?
23
Let i(a) = a**3 - 7*a**2 + 4*a + 7. Suppose -968 = 4*m - 364. Let f = m - -247. Let x be f/15 - 2/5. Give i(x).
-5
Suppose 9*w + 213 = 132. Let p(k) = k + 1. Give p(w).
-8
Let x(a) = -3*a**2 - 3*a + 11. Let i = -2 + -2. Let h(w) = w**2 + w - 4. Let y(u) = i*x(u) - 11*h(u). Let m = -6 + 4. Calculate y(m).
2
Suppose 2*s = -2*a + 16, 0 = -3*s - s - 2*a + 26. Let i(y) = s*y**2 - 6*y + 4 + 4*y + 3*y + y**3 - 2*y**2. What is i(-3)?
1
Let n(q) be the second derivative of -3*q**3/2 + q**2/2 - 124*q. Determine n(1).
-8
Let z = 53 + -42. Suppose 0 = 3*g + 4 + z. Let i(b) = 6*b**2 - 11*b + 14. Let x(u) = -5*u**2 + 10*u - 13. Let s(n) = -6*i(n) - 7*x(n). Calculate s(g).
2
Let l be (3/(-3))/((-176)/60 + 3). Let v(x) = x**2 + 16*x + 14. Calculate v(l).
-1
Let s(b) = 9*b**2 + 39. Let u(m) = -4*m**2 - 19. Suppose 5*d - 29 = -2*k, 3*d + 3*k - 8 = 4. Let x(z) = d*u(z) + 3*s(z). What is x(0)?
-16
Let d(b) = -4*b**3 + 10*b**2 - 5*b - 1. Let n(k) = 3*k**3 - 9*k**2 + 5*k + 1. Let r(g) = -4*d(g) - 5*n(g). Give r(-6).
-7
Suppose -t = -2 - 0. Let l be ((24/(-15))/4)/((-4)/20). Let f(o) = -4 + 2*o - l*o - o**2 + t*o + 0*o**2. Determine f(3).
-7
Let v(u) be the third derivative of -u**5/30 - 5*u**4/24 - u**3/3 + 2*u**2. Let c be v(-2). Let o(y) = c + 8 + 5*y + 3*y**2 - 6. What is o(-3)?
14
Let n(w) = -122 + w**2 + 44 + 44 + 37 + w. Calculate n(-3).
9
Let g(v) = 2*v**2 - 4*v**3 - 70*v - 82*v + 154*v. Give g(2).
-20
Let v = 8 - 6. Let d(p) = 771*p**2 + 2*p - p**3 - 3 - 1543*p**2 + 770*p**2. What is d(v)?
-15
Let y(t) = -18*t + 5. Let x(g) = -63*g + 18. Let f(s) = -5*x(s) + 18*y(s). Calculate f(-1).
9
Let y(v) = -v**2 + 2*v + 4. Suppose 0*t - 36 = -12*t. Suppose w + 5*z = 28, -w - 6 = 2*w - t*z. What is y(w)?
1
Let r(j) be the third derivative of 11*j**4/24 - 2*j**3/3 + 37*j**2 - 1. Give r(6).
62
Let y(k) = 15*k**2 - 4 + k**3 + 5793*k - 2962*k - 2907*k. Determine y(-19).
-4
Let h be (-2)/(-8) - 8/32. Let w(q) = -q**3 + h + 1 + 0*q**3. Let t be 2/8*-4 - (2 + -4). What is w(t)?
0
Let y(u) = -2*u - 7. Let a be y(-5). Let t(n) be the first derivati